22
Let t = 19 + -22. Let j be 105 - (-4)/((-16)/(-12)) - t. Suppose -4*l - 156 = -4*v - 0*v, 5*l - j = -4*v. Calculate the remainder when 168 is divided by v.
32
Let j(p) be the first derivative of p**4/4 + 13*p**3/3 - 33*p**2/2 - 4*p + 101. What is the remainder when j(-15) is divided by 7?
6
Calculate the remainder when 659 is divided by 2/(-7) + 4684/126 - (-182)/1638.
30
Let l(d) = 18*d + 4. Let g be l(-16). Let c = 288 + g. Calculate the remainder when (0 + 1)/((-1)/(-17)) is divided by c.
1
Let l = 14996 + -6075. What is the remainder when l is divided by 4?
1
Suppose 2*g + 2*g = 492. Suppose -13782*a + 13739*a = -1462. What is the remainder when g is divided by a?
21
Suppose 2*c - 13 = m - 12, c - 8 = -m. Calculate the remainder when 451 is divided by m.
1
Suppose s + 4 + 87 = 4*w, 0 = -w - 3*s. Calculate the remainder when 62 is divided by w.
20
Suppose 2*o + 2*u = 5*u + 6, 0 = 5*u. Suppose 4*c - o*y = 96, -5*y + 75 = 3*c - 8*y. Calculate the remainder when c is divided by 11.
10
Let w(v) = 794*v**2 + 23*v + 26. Calculate the remainder when w(-1) is divided by 160.
157
Suppose 34*t - 1643 - 2675 = 0. Suppose 6*u = 4*u + 52. Suppose -d = -0*d - u. Calculate the remainder when t is divided by d.
23
Let d = 6900 + -4299. Calculate the remainder when d is divided by 124.
121
Let x be (-72)/(-34) + (60/85)/(-6). Suppose 0 = x*f + l - 975, 4*f - 328 = 4*l + 1604. What is the remainder when f is divided by 61?
59
Suppose 2*s - 87 = -3*t, 0 = -12626*t + 12628*t - s - 72. What is the remainder when 250 is divided by t?
19
Let i = -3 - -54. Let j = i + -66. Let o(u) = -4*u - 11. What is the remainder when o(j) is divided by 10?
9
Let v = 528 - 1174. Let f = 807 + v. What is the remainder when f is divided by 6?
5
Let h(v) = -v**3 - 4*v**2 - 3*v + 72. Let u(f) = -2*f**3 - 8*f**2 - 5*f + 144. Let i(w) = -7*h(w) + 4*u(w). Calculate the remainder when i(0) is divided by 21.
9
Suppose 75*j = 318*j - 17010. What is the remainder when 1035 is divided by j?
55
Let i be 2/4*52/(-4)*2. Calculate the remainder when 10 + i + (-1 - (-104)/1) is divided by 35.
30
Suppose -3128*o + 3171*o = 48633. What is the remainder when o is divided by 40?
11
Suppose -1506 = -6*c + 2*c - 2*w, -5*w + 372 = c. What is the remainder when 1134 is divided by c?
3
Let r = 259 - 257. Suppose -3*o + 11 = 2*p, r*o - 4*p = 3*o + 3. Calculate the remainder when o is divided by 4.
1
Let z(s) = s**3 - 2*s**2 - 20*s + 19. What is the remainder when 25680/320*8/3 is divided by z(6)?
42
Suppose 0 = 149*w - 124*w - 3275. What is the remainder when 1175 is divided by w?
127
Calculate the remainder when 906/15 + (-6)/15 is divided by (-24)/10*(-120)/9.
28
Suppose -26*y + 33*y = 5481. Suppose 0 = -10*l + 2723 - y. Calculate the remainder when l is divided by 39.
38
Let x(m) = -14*m - 298. Let q be x(-21). Calculate the remainder when q/(-6)*(29 + -32) - -219 is divided by -2 - (1 - (49 + -2)).
41
Let q(x) = 323*x + 261. Calculate the remainder when q(4) is divided by 20.
13
Suppose 31*c - 15395 + 5351 = 0. Suppose -5*w - 3*b = -c, -4*w + 3*b + 336 = w. Calculate the remainder when w is divided by 12.
6
Let g(s) = 4 - s**2 - 2994*s + 5 + 2985*s. Calculate the remainder when g(-7) is divided by 12.
11
Let q(n) = -n**2 + 4*n + 19. Let x be ((-3)/(-12))/(1/12). Let h(m) = m**3 - 6*m - 3. Let w be h(x). What is the remainder when 32 is divided by q(w)?
4
Let b(r) = -4*r**2 + 417*r - 2759. Let z = -227 + 433. What is the remainder when z is divided by b(97)?
44
Suppose 5 = -2*z + q + 22, 5*z = 5*q + 30. What is the remainder when (8*(-111)/66)/((-168)/924) is divided by z?
8
Let d be 2/(-1 - -2) - -521. Let z = 530 - d. Calculate the remainder when 26 is divided by z.
5
Let r(h) = -29*h - 16. Let i(s) = s**2 - 3*s + 46. Calculate the remainder when r(-7) is divided by i(6).
59
Let t be 1 + -2 + 24 + -3. Suppose 6111 + 588 = 87*q. Calculate the remainder when q is divided by 78/(-4)*t/(-15).
25
Let d(s) = s**2 - 4*s - 10. Let m(p) = p - 9. Let g be m(10). What is the remainder when d(7) is divided by -1 - g - ((5 - -1) + -15)?
4
Let s = 26 - 46. Let g = -3762 - -3780. What is the remainder when (-464)/(-10) - (-8)/s is divided by g?
10
Let z(c) = -3*c**2 + 13*c + 12. Let y be 2931/(-15) + (-12)/(-30). What is the remainder when z(3) is divided by y/(-30)*2*1?
11
Suppose 25*u + 42 = 32*u. Suppose 5*v = 5*r + 45, 5*v + 0*r = -3*r + 53. What is the remainder when v is divided by u?
4
Let z(w) = -w**2 + 6*w + 6. Let n be z(6). What is the remainder when 44 is divided by 58/10 + n/30?
2
Let c(p) = -2*p**3 + 8*p**2 + 2*p - 4. Let d(j) = j - 21. Let l be d(25). Let q be c(l). Suppose 42 + 42 = q*k. What is the remainder when 35 is divided by k?
14
Suppose 3*w = f - 78, -3*w = 5*f - 49 - 251. What is the remainder when 195 is divided by f?
6
Let i = -105 + 92. Let q(a) = -5*a - 60. Calculate the remainder when (0 + 1 - -25)/2 is divided by q(i).
3
Let z be -3*5*8/30 + 215. Suppose 0 = -5*y - 81 + z. Calculate the remainder when 414 is divided by y.
24
Let b be (-1)/((-4)/(-6))*4/(-3). Suppose -b*r + 5 = -5. Suppose -975 = -8*q - r*q. What is the remainder when q is divided by 19?
18
Let z = -867 + 582. Let c = z - -304. Calculate the remainder when 52 is divided by c.
14
Let d = -11805 - -11865. What is the remainder when 10859 is divided by d?
59
Suppose 6*l = 65 - 83. What is the remainder when (24/40)/l - 71/(-5) is divided by 9?
5
Let h = 152 + -118. Let u = 8 - 1. Suppose 4*w - u + h = m, -5*m = w - 72. Calculate the remainder when m is divided by 8.
7
Calculate the remainder when 95 is divided by 63/(-7) + 1 - 11*-5.
1
Let f be 4*3/12*(-2 - -51). Suppose f*u = 40*u + 90. Calculate the remainder when 58 is divided by u.
8
Let j = 252 - -8. Suppose -4*k + j = -q, 0 = -k + 4*k + 4*q - 195. Calculate the remainder when k is divided by (-3 + -1)/(-8)*22.
10
Let u(r) = r**2 - 11*r - 800. Let d(i) = i**3 + 6*i**2 - 10*i. What is the remainder when u(35) is divided by d(-7)?
19
Let i(s) = 2*s**2 - 2*s - 1. Let j be i(-1). Suppose 4*z = j*z - 83. Let f = -59 - z. Calculate the remainder when 42 is divided by f.
18
Let c(s) = -s**2 + 34*s - 237. What is the remainder when 555 is divided by c(10)?
0
Let o = 8546 - 8465. Calculate the remainder when 534 is divided by o.
48
Let x(v) = v**2 - 5*v - 41. Let d(i) = -i**3 - 5*i**2 + 4*i - 1. What is the remainder when d(-7) is divided by x(-5)?
6
Let v = -22411 - -22523. Calculate the remainder when 2587 is divided by v.
11
Calculate the remainder when 423 is divided by (-5)/(-12 + 2)*(-1298)/(10 + -21).
10
Let t(c) = 60*c**2 + 11*c - 6. Let d(g) = g**2 + 1. Let l(j) = -3*d(j) + t(j). Calculate the remainder when 231 is divided by l(1).
54
Calculate the remainder when 1369 is divided by 1 + 69 + 132/12.
73
Calculate the remainder when 4081 is divided by (3094/(-8))/(-7) - (-6)/8.
49
Let a = -436 - -302. Let s = -71 - a. Calculate the remainder when s is divided by (-1)/(1/3 + 35/(-96)).
31
Suppose -7*k = -95 - 318. Suppose 2*l - k = 47*p - 48*p, 0 = 2*l + 4*p - 74. What is the remainder when l is divided by 8?
3
Let z(v) = 12*v**3 - 2*v**2 + 2*v. Suppose -3*q + 87 = -18. What is the remainder when ((-28)/q)/((-2)/115) is divided by z(1)?
10
Suppose 602*v = 6*c + 598*v - 102, 3*v + 44 = 2*c. Suppose n + 16 = 5*n. Calculate the remainder when c is divided by n.
1
Suppose -289*s = -334*s + 16380. Calculate the remainder when s is divided by -24 + 65 + -1 + 1.
36
Suppose 5*q - 327 = -3*x, -2*x - 31*q = -29*q - 210. What is the remainder when x is divided by 5?
4
Suppose 0 = -2*p - 5*l + 30, -5*p + 5*l = 3*l - 104. Let h be (6 - 5)*(2 - 89). Let q = h + 163. Calculate the remainder when q is divided by p.
16
Let b be 17 + -20 - (0 - -6)*-1. Suppose -b*o = 2*x - 28, 2*o + 38 = -2*x + 4*x. Let f(c) = c + 13. What is the remainder when x is divided by f(-4)?
8
Let y(c) = c**2 + 25*c + 70. Let x be y(-22). Let u(p) = p + 4. What is the remainder when u(23) is divided by 36/x - 0/(-2)?
0
Suppose -4*w = -x - 11648, 3*w - 5*x - 589 = 8113. Calculate the remainder when w is divided by 55.
54
Suppose 2*n = 186 + 182. What is the remainder when 188 is divided by n?
4
Let v = -6338 - -6396. What is the remainder when 218 is divided by v?
44
Suppose 28*d - 33*d + 14425 = 0. Suppo